).
-4
Let h be (-1)/2 + (-4)/(-8). Let a = -2 - h. Let t = -1 + a. Let r(d) = -2*d**2 - 2*d + 1. Give r(t).
-11
Suppose -f + 0*f - s = 1, 5*s = -2*f - 2. Let v be -5 - f*(-8)/(-2). Let l(r) = -r + 1. Calculate l(v).
2
Let b = 0 - 3. Suppose 0 = -4*k + 8, 4*l + 4*k = -0*k + 16. Let z(t) = 3*t. Let f(q) = q. Let r(w) = l*z(w) - 9*f(w). Give r(b).
9
Let h(o) = -15*o**3 + 9*o**2 - o + 2. Let w(a) = 22*a**3 - 13*a**2 + a - 3. Let k(x) = 7*h(x) + 5*w(x). Let i be 1 - 0 - (-8)/(4 - 8). Determine k(i).
-6
Let k(t) = -t**2 - 7*t - 5. Let u be (26/65)/((-1)/10). Calculate k(u).
7
Let o(w) = 3*w**2 - 2*w + 1. Let f = 5 + -5. Suppose f = -g - 0*g - 2. Let q = g + 3. What is o(q)?
2
Let n(g) = -g**3 - g**2 + 2*g + 1. Suppose 5*d + 3*h + 9 = 0, -5*d + 5*h - 25 = -0*h. Give n(d).
13
Let q = 8 - 8. Suppose q = 4*p - 0 - 8. Let j(n) = 0*n - 3*n + 2 + 2*n. What is j(p)?
0
Let z(b) = -b**3 + 4*b**2 + 4*b + 1. Suppose 14*p + 30 = 20*p. Determine z(p).
-4
Let s(h) = -11*h**2 - 7*h + 2. Let c(b) = 5*b**2 + 3*b - 1. Let u(t) = -9*c(t) - 4*s(t). Calculate u(-2).
-5
Let c be (-1 - -2)*-4*(-3)/(-2). Let z(a) = -a**2 - 7*a - 6. Calculate z(c).
0
Let q(k) = -2*k**2 - 4 - 3*k + 3*k**2 - 2*k. Give q(5).
-4
Suppose 0 = -4*g + 5 + 3. Let j(y) = g*y**3 + y**2 + 0*y**3 - 9*y**3 + 1 + y + 0*y**3. Determine j(-1).
8
Suppose q + 3*t - 2 = 5*t, -t = 3*q - 6. Let s(r) = -2 + q*r + 2*r - 5*r. Suppose -4*m + 3*m = 3. Give s(m).
1
Let q(w) = -w - 2. Let o = -11 + 13. Calculate q(o).
-4
Let v(j) be the first derivative of j**2 + 4*j - 35. Calculate v(4).
12
Suppose 0 = -11*t + 18*t - 56. Let c(z) = z**3 - 8*z**2 - z + 11. Determine c(t).
3
Let c(q) = 4*q + 2 - 2 - 1 + q**2. Suppose -2*g = -g - 3. Suppose 0*s + 5 = g*s + 4*o, 3*s = 2*o - 25. What is c(s)?
4
Let r(b) be the third derivative of -b**5/60 - b**4/6 + 2*b**3/3 - 283*b**2. Suppose 0*z - z + u = 7, 3*z - 4*u = -24. Calculate r(z).
4
Suppose j - 3*j = 6. Let f(m) = -4*m**2 + m - 7. Let t(s) = s**2 + 1. Suppose -5*n = -x + 10, -4*n - 3 = -x - 6*n. Let c(q) = x*t(q) + f(q). What is c(j)?
4
Suppose 2*s = 3 - 1. Suppose 0 = 2*g + i + s, 4*g + 6*i - i = -17. Let w(r) = 1 - 6 + 2*r + g. Calculate w(4).
5
Let d = -16 - -19. Let h(f) = f**3 - 3*f**2 + 2. What is h(d)?
2
Suppose k - 3 + 0 = 0. Suppose 0 = k*s + 4 + 8. Let u(p) = -p**3 - 3*p**2 + 6*p + 3. What is u(s)?
-5
Let f(v) = -v + 5. Let h be (10/6)/((-3)/(-9)). Calculate f(h).
0
Let i = 10 - 8. Let d(c) = -2*c - 2 + 0*c - 4*c**i + 5*c**2 + 5*c. Give d(2).
8
Let i be 2/(-5) + 216/40. Suppose y + i*h = -23, 2*y + 4 - 13 = h. Let t(k) = 0 - 5*k**y - k**3 + k - 4*k + 5. What is t(-4)?
1
Let g = -1 - -2. Let a(w) be the first derivative of w**5/60 - w**3/6 - w**2 - 2. Let m(t) be the second derivative of a(t). Give m(g).
0
Let s(n) = -2 + 5 + n - 8 - 1. Calculate s(6).
0
Let g be 15/(-9)*(-1 - 2). Let k(c) = 2*c**3 - 8*c - 4*c**3 + 0*c**2 + 3*c**3 + 2 - g*c**2. What is k(6)?
-10
Suppose 3*r - 4*x = 26, -6*r + r = -5*x - 45. Suppose 3*l = -4 - 11. Let y = l + r. Let h(u) = -u**2 + 7*u - 6. Give h(y).
4
Let j(b) = 4*b**2 + 1 + b - 2*b - 3*b - 3*b**2. Let p(v) = v - 5. Let z be p(8). Determine j(z).
-2
Suppose -4 = 4*o - 12. Let n(v) = 7*v**2 - 2*v. Give n(o).
24
Let s = -29 - -35. Let g(p) = -p**3 + 7*p**2 - 5*p - 5. Give g(s).
1
Let a(w) = 8. Let h(s) = -s. Let k(u) = a(u) + h(u). Suppose -17 = -3*b - 2. Determine k(b).
3
Let k be (-6)/(0 + 9/6). Let g(j) = -j**3 - 4*j**2 - j + 5. Calculate g(k).
9
Let g(w) = 5*w**2 - 2*w - 3. Let o(d) = -11*d**2 + 4*d + 6. Let n(k) = -9*g(k) - 4*o(k). Calculate n(-3).
-12
Let l = -48/5 + 293/30. Let o(h) be the third derivative of -l*h**3 + 1/60*h**5 + 0 + 1/24*h**4 + 0*h + h**2. Calculate o(-3).
5
Suppose -1 = -0*w + 5*w - 3*q, 4*w = 3*q + 1. Let b = 4 + w. Let z(x) = -9 + x - b*x + 2*x. What is z(4)?
-5
Suppose 7*m = m + 6. Let a(x) be the third derivative of x**4/3 - x**3/6 + 2*x**2. Let o(d) = -9*d + 1. Let s(g) = 4*a(g) + 3*o(g). What is s(m)?
4
Let q be 3 + 3*(3 + -2). Suppose 4*s + q = 6*s + 2*i, 3*s - 4*i = 23. Let p(j) = -j + 1. What is p(s)?
-4
Let k(r) = r**2 + 8*r + 4. Let d(z) = -z - 1. Let j(m) = -4*d(m) - k(m). Determine j(-6).
-12
Let l(t) be the first derivative of -t**2/2 - 4*t + 8. What is l(-4)?
0
Let y(a) be the second derivative of a**7/2520 - a**5/120 + 5*a**4/12 - 4*a. Let i(b) be the third derivative of y(b). Calculate i(0).
-1
Let x(w) = -w**2 - 5*w - 1. Suppose -2*k = -2*m + 7*m + 35, -3*m - 30 = 3*k. Determine x(k).
-1
Suppose 28 = 5*z - 7. Let x(v) = 2 + 0*v**3 - 1 - z*v + 7*v**2 - v**3. What is x(6)?
-5
Suppose -3 = -q + 17. Suppose 0 = 6*v - v - q. Let g(z) = 0*z**2 - v*z + 0*z**3 - 3*z**2 + 2 + z**3. What is g(4)?
2
Let c(y) = -3*y**2 - y - 7. Let t = 5 - 1. Let i(q) = 7*q**2 + 2*q + 15. Let j(r) = t*i(r) + 9*c(r). Calculate j(4).
9
Suppose 3 = 4*l - l. Let t(s) = 19 - 36 + 2*s + 16. Determine t(l).
1
Let g(f) = 6*f**2 - f - 9. Let p(j) = -7*j**2 + 2*j + 10. Let h(o) = -6*g(o) - 5*p(o). Calculate h(-6).
-8
Let u(i) = 15*i**2 - 11*i - 18. Let m(w) = 7*w**2 - 5*w - 9. Let x(l) = 13*m(l) - 6*u(l). Let a(v) = -v**3 + 2*v**2 - 2*v + 1. Let f be a(1). Determine x(f).
-9
Let g(x) = -x - 7. Suppose 3*i + i = -12. Let r be g(i). Let d(s) be the third derivative of -s**6/120 - s**5/12 - s**4/12 + 5*s**3/6 - s**2. What is d(r)?
-3
Let b(l) = -2*l**2 - 3*l. Let v(g) = g - 2. Let n be v(6). Let u(m) = -m**2 - m. Let p(j) = n*b(j) - 11*u(j). What is p(1)?
2
Let a(o) = -o**3 + 4*o**2 - 2*o - 3. Suppose 5*s - 4 - 10 = q, -26 = -5*q + s. Let c be 12*(q/2)/3. Suppose -n - c = -4*n. Give a(n).
-11
Let z(r) = -r - 8. Let l = 0 + 6. Give z(l).
-14
Let c(t) = t + 7. Let b(d) be the third derivative of -d**6/120 + d**5/15 - d**4/24 - d**3/6 + 2*d**2. Let k be b(3). Give c(k).
12
Suppose -34*a = -35*a + 2. Let i(v) = -5*v - 1. Determine i(a).
-11
Let w(t) = -2*t**3 + 2*t**2 - 2*t + 1. Suppose 4*z + 44 = -0*z + v, -5*z - 3*v = 38. Let f be (-10)/(-25) + 24/z. Let n = -1 - f. Calculate w(n).
-1
Let g(w) = -w**3 + w**2 - 2*w + 1. Let t(n) = n + 8. Let j be t(8). Suppose -3*z = j - 19. Give g(z).
-1
Let v(r) = -7*r + 2*r**3 + 2*r**3 - 1 + 3*r**3 + 5*r**2 - 6*r**3. Calculate v(-6).
5
Let g(w) = w**3 + 6*w**2 - 4*w + 3. Let t be g(-6). Suppose 2*u + 5*c = -t, 0 = 2*u - 4*u - 3*c - 17. Let r(j) = 16*j + 1 - 2 - 18*j + 11*j**3. Give r(u).
-10
Let k(y) be the second derivative of y**3 + 3*y. Let t be (2/(-6))/(3/(-9)). Give k(t).
6
Let z = -2 - 0. Let x(d) be the second derivative of -5*d**3/6 - 3*d**2/2 + 8*d. Determine x(z).
7
Let g(j) = j**3 - 6*j**2 + 5*j + 5. Let d = -8 - 10. Let o = d - -23. Give g(o).
5
Let s = 12 + -6. Suppose -g + 6 = -2. Let h = s - g. Let r(k) = 3*k. Calculate r(h).
-6
Let z(l) = 2*l - 4. Let a be z(5). Suppose -2*m + a = m. Let v(q) = 0 - 1 - m*q + 3. Calculate v(2).
-2
Let g(m) = -6*m**2 - 2*m - 9. Let f(x) = -x**2 + x - 1. Let j(a) = -5*f(a) + g(a). Give j(-7).
-4
Let c be ((-12)/(-10))/(2/10). Let b = c + 1. Let s(h) = -h**2 + 9*h - 9. Let y be s(b). Let o(t) = 2*t - 6. What is o(y)?
4
Let i(u) be the first derivative of u**4/4 - u**3/3 - 8*u + 12. Give i(0).
-8
Suppose -2*y - y = -2*m + 11, -3*y = m + 8. Let g be (-1)/(-1*(y + 4)). Let s(i) = i**3 - 2*i + 1. Calculate s(g).
0
Let u(b) = b - 2. Let a be u(7). Let v(m) = 2*m**2 - 2 + 9 - 5*m + 3*m**2 - 4*m**2. What is v(a)?
7
Let q(r) be the second derivative of 0 - 1/12*r**4 - 1/3*r**3 + 0*r**2 + 4*r. Give q(-4).
-8
Suppose -2*w - 2*w - 23 = -5*t, t - 13 = -2*w. Let c = -8 + t. Let p(n) = -3*n**3 - 2*n**2 + 1. Give p(c).
2
Let j(l) = -l**3 - l**2 + 3*l - 1. Let f be (-1)/(2 + -1 - 2). Let y be 8*((-1)/f - -2). Suppose -3*h - y = -7*h. Determine j(h).
-7
Suppose 2*x = 4*x - 4. Suppose -4*m + x*m = 0. Suppose -2*d = -m*d + 2. Let a(h) = -4*h**3 - h**2 - h. What is a(d)?
4
Suppose 20*i = 22*i - 2. Let s(y) = -y**2 - 10*y - 11. Let n(f) = f + 1. Let d(r) = i*n(r) + s(r). What is d(-7)?
4
Let x(c) be the third derivative of c**6/120 + c**5/12 + c**4/4 + 2*c**3/3 + 2*c**2. Calculate x(-4).
-4
Let m(p) be the third derivative of p**8/20160 - p**7/840 + p**6/120 - 2*p**5/15 - 3*p**2. Let w(i) be the third derivative of m(i). Give w(5).
1
Suppose 3*o + 3*c - 1 = 4*o, 21 = 3*o + 3*c. Let u(h) be the second derivative of 1/20*h**o + 0 - 2/3*h**3 + 1/3*h**4 - 3*h + h**2. Give u(